{"id":225,"date":"2013-02-20T19:46:41","date_gmt":"2013-02-20T18:46:41","guid":{"rendered":"http:\/\/deumann.de\/?page_id=225"},"modified":"2019-07-06T12:09:09","modified_gmt":"2019-07-06T10:09:09","slug":"home","status":"publish","type":"page","link":"http:\/\/deumann.de\/","title":{"rendered":"Home"},"content":{"rendered":"<p><img loading=\"lazy\" decoding=\"async\" title=\"Ferienwohnung+Appartementhaus\" src=\"wp-content\/uploads\/2013\/02\/header_2.png\" alt=\"Ferienwohnung+Appartementhaus\" width=\"718\" height=\"66\"><\/p>\n<h2>Willkommen in Bad&nbsp; Bevensen<\/h2>\n<p>Wir bieten Ihnen <strong>Ferienwohnungen<\/strong> ruhig gelegen, direkt im Kurzentrum am Kurpark zwischen der Sonnenuhr, der DIANA- Klinik und dem Kurhaus. In 2 Minuten sind Sie im Kurhaus &#8211; Kurpark . Und Zentral in Alt-Bevensen, mit einem idyllischen Innenhof, liegt unser <strong>Appartementhaus<\/strong> in \u00e4u\u00dferst ruhiger Lage, alle Einkaufsm\u00f6glichkeiten in unmittelbarer Nachbarschaft, zum Kurzentrum und den B\u00e4dern ca. 5 Minuten.<\/p>\n<p>Nehmen Sie sich Zeit. Browsen Sie mit unserer Navigation durch unser Angebot in Bad Bevensen. Nutzen Sie auch die Online Buchungsanfrage unter Info &amp; Kontakte. Wir freuen uns auf einen Besuch von Ihnen.<\/p>\n<hr size=\"1\" noshade=\"noshade\">\n<table width=\"800\" cellspacing=\"15\" cellpadding=\"3\" border=\"0\" align=\"center\">\n<tbody>\n<tr>\n<td><a href=\"?page_id=2\"><img loading=\"lazy\" decoding=\"async\" class=\"alignnone\" title=\"Ferienwohnungen Dahlenburger Strasse\" src=\"wp-content\/themes\/twentyten\/images\/brunnen1.png\" alt=\"Ferienwohnungen\" width=\"200\" height=\"140\"><\/a><\/td>\n<td><a href=\"?page_id=2\"><img loading=\"lazy\" decoding=\"async\" title=\"Ferienwohnungen Dahlenburger Strasse\" src=\"wp-content\/uploads\/2012\/06\/deumann.jpg\" alt=\"Ferienwohnung\" width=\"200\" height=\"140\"><\/a><\/td>\n<td><a href=\"?page_id=278\"><img loading=\"lazy\" decoding=\"async\" title=\"Anfrage, Buchung und Kontakt\" src=\"wp-content\/themes\/twentyten\/images\/kontakt.png\" alt=\"Anfrage, Buchung und Kontakt\" width=\"200\" height=\"140\"><\/a><\/td>\n<\/tr>\n<tr>\n<td><b><i>Appartementhaus Brunnenhof<\/i><\/b><\/td>\n<td><b><i>Ferienwohnung Dahlenburger Str.5<\/i><\/b><\/td>\n<td><b><i>Anfrage, Buchung und Kontakt<\/i><\/b><\/td>\n<\/tr>\n<\/tbody>\n<\/table>\n<hr size=\"1\" noshade=\"noshade\">\n","protected":false},"excerpt":{"rendered":"<p>Willkommen in Bad&nbsp; Bevensen Wir bieten Ihnen Ferienwohnungen ruhig gelegen, direkt im Kurzentrum am Kurpark zwischen der Sonnenuhr, der DIANA- Klinik und dem Kurhaus. In 2 Minuten sind Sie im Kurhaus &#8211; Kurpark . Und Zentral in Alt-Bevensen, mit einem<span class=\"ellipsis\">&hellip;<\/span><\/p>\n<div class=\"read-more\"><a href=\"http:\/\/deumann.de\/\">Weiterlesen \u203a<\/a><\/div>\n<p><!-- end of .read-more --><\/p>\n","protected":false},"author":1,"featured_media":0,"parent":0,"menu_order":0,"comment_status":"closed","ping_status":"open","template":"","meta":{"footnotes":""},"class_list":["post-225","page","type-page","status-publish","hentry"],"jetpack_sharing_enabled":true,"_links":{"self":[{"href":"http:\/\/deumann.de\/index.php?rest_route=\/wp\/v2\/pages\/225","targetHints":{"allow":["GET"]}}],"collection":[{"href":"http:\/\/deumann.de\/index.php?rest_route=\/wp\/v2\/pages"}],"about":[{"href":"http:\/\/deumann.de\/index.php?rest_route=\/wp\/v2\/types\/page"}],"author":[{"embeddable":true,"href":"http:\/\/deumann.de\/index.php?rest_route=\/wp\/v2\/users\/1"}],"replies":[{"embeddable":true,"href":"http:\/\/deumann.de\/index.php?rest_route=%2Fwp%2Fv2%2Fcomments&post=225"}],"version-history":[{"count":49,"href":"http:\/\/deumann.de\/index.php?rest_route=\/wp\/v2\/pages\/225\/revisions"}],"predecessor-version":[{"id":1263,"href":"http:\/\/deumann.de\/index.php?rest_route=\/wp\/v2\/pages\/225\/revisions\/1263"}],"wp:attachment":[{"href":"http:\/\/deumann.de\/index.php?rest_route=%2Fwp%2Fv2%2Fmedia&parent=225"}],"curies":[{"name":"wp","href":"https:\/\/api.w.org\/{rel}","templated":true}]}}